mainder when 25 is divided by a.
7
Let x = 11 - 9. Suppose x*f = -4*b + 48, b - 8 = -3*b. Calculate the remainder when 57 is divided by f.
17
Let p = 2 - 0. Suppose r + 2*o + 48 = -p*r, o - 39 = 3*r. Calculate the remainder when 25 is divided by (-1)/(2/r*1).
4
Let v(x) = 4*x + 5. Let k be v(-2). Calculate the remainder when 49 - (-2 - (4 + k)) is divided by 11.
8
Let o = 2346 + -2223. What is the remainder when o is divided by 25?
23
Let u be (-24)/(-16)*(20/(-3))/(-5). Let o(h) = 3*h**3 - 2*h**2 + 5*h - 2. Calculate the remainder when o(u) is divided by 5.
4
Let d = 17 + -13. Suppose -d*h = -53 + 1. Calculate the remainder when 1 - (1 - -21)/(-1) is divided by h.
10
Let k = -2 + 7. Let g = 116 - 105. Suppose g = -k*d + 51. What is the remainder when 29 is divided by d?
5
Let w(i) = -2*i**2 - 24*i + 38. What is the remainder when 70 is divided by w(-11)?
10
Let i = 77 - 33. Suppose 4*t - 6 = 4*l - 22, 5*l - i = -t. Calculate the remainder when 23 is divided by l.
7
Suppose 11 + 1 = -3*n. Calculate the remainder when 152 is divided by (6/n*22)/((-99)/66).
20
Suppose -5*n = 3*u + 15, 3*u - u + 5*n + 15 = 0. What is the remainder when 3/(2 - (u - -1)) is divided by 0 - (-3 + 3 - 2)?
1
Let k = -34 + -26. Let w = 100 + k. What is the remainder when w is divided by 14?
12
Let c = 92 - 71. Suppose -19*i + c*i - 5*w - 55 = 0, 0 = -4*i - 5*w + 65. Calculate the remainder when 79 is divided by i.
19
Let r = -3 + 4. Let n = r - -8. What is the remainder when ((-2)/(-4))/(2 - (-103)/(-52)) is divided by n?
8
Suppose 104 = r + 2*k, -12 = 7*k - 4*k. What is the remainder when r is divided by 57?
55
Let q = 722 - 388. What is the remainder when q is divided by 56?
54
Suppose -218 = -9*s - 20. Calculate the remainder when 329 is divided by s.
21
Suppose 5*z = 2*x + 915 + 117, -z + 4*x + 192 = 0. Let g = 305 - z. Suppose -55 = -4*p + g. Calculate the remainder when p is divided by 10.
8
Suppose -67 = -2*r - f, 2*r + 3*r - 130 = 5*f. Suppose 0 = 4*x - 12, -21 - 26 = -2*m - 5*x. What is the remainder when r is divided by m?
15
Let i = 25 + 28. Calculate the remainder when i is divided by 10.
3
Suppose 0 = -j - 5*s + 2, 0 = -2*j - 2*j - s + 65. Suppose 4*c = -5*y + 14, c - 180 = 2*y - 170. What is the remainder when j is divided by c?
5
Let t = 50 + -32. Suppose 2*r + 3*s - 133 = 0, -4*r + 3*s = -0*s - 293. What is the remainder when r is divided by t?
17
Suppose 4*a - 42 = -4*g - 354, -3*g + 284 = -4*a. Suppose 0 = -4*r + 135 + 17. What is the remainder when r is divided by 2/3 - a/6?
12
Suppose 10 = 2*k, 3*u - 4*k - 162 = 55. What is the remainder when 243 is divided by u?
6
Suppose i + 5*j - 30 = 2*j, j + 118 = 5*i. Suppose 16*f - 98*f = -7626. Calculate the remainder when f is divided by i.
21
Calculate the remainder when 355 is divided by (3/6 + -2)/((-135)/630).
5
Suppose d + 0*d = 7. Suppose 4*p + 28 = 836. What is the remainder when p/8 - (92/(-16) - -6) is divided by d?
4
Suppose -4 = -4*h, -46 = -5*f + 4*h - 10. Calculate the remainder when 114 is divided by f.
2
Let u = -331 + 335. Calculate the remainder when 18 is divided by u.
2
Let l = 444 - 364. Calculate the remainder when l is divided by 9.
8
Let d = 310 + -245. What is the remainder when d is divided by 40?
25
Let g be (6/4)/((-12)/(-16)). Let j = 23 - 23. Suppose -g*d + 90 = -j*d. What is the remainder when d is divided by 12?
9
Suppose -43 = 21*f - 1009. What is the remainder when f is divided by 8?
6
What is the remainder when 88 is divided by ((-92)/14)/((-2)/7)?
19
Let d be (-6)/12 + (-158)/(-4). Let t = d + -12. What is the remainder when 52 is divided by t?
25
Suppose 24 = 5*o - o - 4*j, 5*o - 3 = -4*j. Suppose n - 5*u - 39 = 0, -u + 43 = o*n - 58. Calculate the remainder when n is divided by -1 + 0 + 13/1.
10
Let b = 1278 + -1265. Calculate the remainder when 45 is divided by b.
6
Let t = 5129 - 1996. What is the remainder when t is divided by 49?
46
Suppose 26*p = 23*p + 102. Calculate the remainder when 126 is divided by p.
24
Let j(q) = 79*q + 9. Let n = -176 + 226. What is the remainder when j(3) is divided by n?
46
Let o be -170 - 8/(-12)*-6. Let m = o + 265. What is the remainder when m is divided by 23?
22
Calculate the remainder when 72 is divided by (-2)/(-9) - (-1584)/162.
2
Suppose 4*b - 6 = 650. Calculate the remainder when b is divided by 11.
10
Suppose 2*d + 12 - 56 = 7*n, 3*d + n = -3. What is the remainder when (-2*6)/(-2) - 1 is divided by d?
0
Let i(p) = 2*p**2 - 5*p - 1. Let m(b) = -4*b**2 + 11*b + 2. Let y(a) = 5*i(a) + 2*m(a). Let l = -4 + 2. What is the remainder when 23 is divided by y(l)?
10
Suppose 26 = -2*u + 3*r + 85, r - 1 = 0. What is the remainder when u is divided by 17?
14
Calculate the remainder when (-6 - 11/(-1))*338/10 is divided by 18.
7
Let o(y) = -13 - y**3 + 95*y - 7*y**2 - 103*y + 5. Let x be o(-6). Suppose u = 2*w - x - 5, 0 = 4*w + 4*u. Calculate the remainder when 3 is divided by w.
0
Let l(t) = t**3 + 15*t**2 + 11*t - 52. What is the remainder when l(-10) is divided by 68?
66
Suppose -983 - 972 = -5*f. Calculate the remainder when f is divided by 186.
19
What is the remainder when 310 is divided by (20 - -3) + 0 + 3?
24
Suppose 3*q + 9 = 0, -5*k - q + 82 = -15. What is the remainder when 32 is divided by k?
12
Let y = 38 - 39. Let w be (6/(-9) + 2)*-66. Calculate the remainder when (y + 21)*w/(-32) is divided by 19.
17
Calculate the remainder when (-6 - -14) + -6 + 1029 is divided by 115.
111
Let q = -4 - -7. Let b(h) be the second derivative of h**3 - 2*h**2 - 11*h. What is the remainder when 55 is divided by b(q)?
13
Let f(m) = -38*m + 27. Calculate the remainder when f(-3) is divided by 11.
9
Let u = 142 - 109. Calculate the remainder when 104 is divided by u.
5
Suppose 4*k - 9*k + 1921 = -4*c, 3*c + 1427 = k. Calculate the remainder when c/(-54) + 2/9 is divided by 4.
1
Let w(s) = -s**3 - 25*s**2 + 26*s + 29. Suppose -2*t - 26 = -t. What is the remainder when 112 is divided by w(t)?
25
Let v(p) = -p**3 + 2*p**2 + 3*p + 3. Let l be v(3). Suppose l*o - 70 = o. Suppose 2*m - o = -3*m. Calculate the remainder when 27 is divided by m.
6
Suppose 0 = -d + 5 - 0. Suppose 3 + d = 2*s. Suppose -78 = -u - s. Calculate the remainder when u is divided by 19.
17
Let l be 6/2 - (-2 - 34). What is the remainder when 6/27 - 446/(-18) is divided by (-14)/(-21)*l/2?
12
Suppose 0 = 41*m - 2207 - 4763. Calculate the remainder when m is divided by 43.
41
Let t = -170 - -388. Calculate the remainder when t is divided by 28.
22
Let x be (-3)/3*(-331)/(-2 - -3). Let n = x + -118. What is the remainder when n is divided by 43?
41
Suppose -39*k + 54*k = 225. Calculate the remainder when 328 is divided by k.
13
Calculate the remainder when (9/(-3) + 4*7)*11 is divided by 40.
35
Suppose 4*z + 5*t - 18 = 0, -5*t + 8 = z - 2*z. Suppose -z*r - 17 = -29. Calculate the remainder when 29 is divided by r.
5
Let c(v) = 23*v**2 - 6*v - 4. Calculate the remainder when c(-2) is divided by 15.
10
Calculate the remainder when (-13 + 19 + (1 - 100))/(-1) is divided by 93.
0
Suppose 2*x + y - 6 = 0, -3*x + y - 21 = -8*x. What is the remainder when 329 is divided by x?
4
Let n = 541 + -540. What is the remainder when 20 is divided by n?
0
Let u be -1 - ((-1)/5 + (-940)/50). Suppose -69*m + u = -68*m. Suppose 0 = -3*y + 9 + 6. What is the remainder when m is divided by y?
3
Let s(h) = -20*h**3 + 2*h**2 + h. Let f(u) = 10*u**3 + 101*u**2 + 4*u + 40. Calculate the remainder when f(-10) is divided by s(-1).
16
Suppose -36*l - 40 = -41*l. Suppose l*k - 204 = 2*k. Calculate the remainder when k is divided by 5.
4
Suppose -8*r + 3*r = 2*q + 15, -3*q - 5*r = 10. Let x = 5 - -39. Calculate the remainder when x is divided by q.
4
Let l(o) = -o**2 - 5*o + 8. Suppose -y + 4*j + 12 = 0, -2*j + 9 = 2*y - 7*j. Let b be l(y). Let p = 32 + b. Calculate the remainder when 46 is divided by p.
14
Let z = 533 + -490. Calculate the remainder when z is divided by 18.
7
Suppose -4 - 12 = -4*w, 4*w = -f + 18. Suppose -2*g - 6*m + 3*m + 122 = 0, f*m = -4*g + 236. Calculate the remainder when 111 is divided by g.
53
Suppose -3*t = -5*o + 58 + 308, -390 = -5*o - 5*t. Calculate the remainder when o is divided by 39.
36
Calculate the remainder when 1259 is divided by (-1029)/(-105) - 2/(-10).
9
Suppose -1 